t is 45524 - -1?
45525
In base 8, what is -3 - 115?
-120
In base 14, what is -c6 + -8?
-d0
In base 15, what is 16 + -3?
13
In base 11, what is 0 - 46?
-46
In base 6, what is -5 - 3141?
-3150
In base 9, what is -1 + 38?
37
In base 14, what is a7 + 6?
ad
In base 14, what is 11 + 11?
22
In base 5, what is -3224 - 1?
-3230
In base 6, what is -1 - -15513?
15512
In base 15, what is 6 + 5?
b
In base 3, what is -102 - 2020?
-2122
In base 5, what is 33 - -43?
131
In base 16, what is 5 - 5c1?
-5bc
In base 12, what is 10 - 8?
4
In base 2, what is 10001001011 - 11?
10001001000
In base 8, what is -4 + 31?
25
In base 9, what is 3 + 356?
360
In base 15, what is 6 + -17a?
-174
In base 10, what is -4 + -48?
-52
In base 8, what is 5 + 471?
476
In base 11, what is 215 + a?
224
In base 12, what is 37 + 6?
41
In base 2, what is 10 - -10100010000?
10100010010
In base 10, what is 28 - 6?
22
In base 3, what is -101222 + -1?
-102000
In base 6, what is -45402 + 1?
-45401
In base 2, what is 10110 - 100?
10010
In base 8, what is -37 - 10?
-47
In base 14, what is 0 - 7a2?
-7a2
In base 4, what is 2 + -231?
-223
In base 8, what is -17 - -7?
-10
In base 8, what is -241 - -1?
-240
In base 11, what is 561 + 2?
563
In base 6, what is -342 + -2?
-344
In base 11, what is -61a0 + 0?
-61a0
In base 13, what is -1ba + 14?
-1a6
In base 11, what is 3a8 + 2?
3aa
In base 6, what is 2115 + 0?
2115
In base 10, what is -5 + -17?
-22
In base 6, what is -2544 - -1?
-2543
In base 13, what is 38 + -4?
34
In base 6, what is 334 - -1?
335
In base 6, what is -10 + 2225?
2215
In base 11, what is -5 - 100?
-105
In base 13, what is -44 + -7?
-4b
In base 6, what is 30 + 1045?
1115
In base 9, what is -282 + -3?
-285
In base 10, what is -18 + -835?
-853
In base 4, what is 0 - -2022013?
2022013
In base 2, what is -110100011 + 11000?
-110001011
In base 8, what is 33 + 0?
33
In base 16, what is 24e8 + 4?
24ec
In base 12, what is 403 + -a?
3b5
In base 9, what is 0 - 1064?
-1064
In base 5, what is -13033 - 11?
-13044
In base 16, what is -14 - -4?
-10
In base 5, what is -10 - -3111?
3101
In base 14, what is -104 - 2?
-106
In base 3, what is 20012 + 0?
20012
In base 4, what is -3 + -310?
-313
In base 13, what is 4 + -78?
-74
In base 13, what is 1716 - 4?
1712
In base 13, what is 3 + -2213?
-2210
In base 6, what is 1102 + -2?
1100
In base 10, what is -63 + -16?
-79
In base 2, what is -1000 - 10000100110?
-10000101110
In base 13, what is -1621 + 2?
-161c
In base 6, what is 4 + 103?
111
In base 7, what is 105 + 45?
153
In base 2, what is 101000011 + 10001?
101010100
In base 13, what is -1 + a68?
a67
In base 5, what is 1340323 - -4?
1340332
In base 16, what is -d - -d7?
ca
In base 2, what is -101 + 110111?
110010
In base 2, what is 100001011 + -11?
100001000
In base 12, what is -916 - 21?
-937
In base 5, what is 3323 - 3?
3320
In base 7, what is 14 + 361?
405
In base 8, what is -114 - 2?
-116
In base 3, what is -10 + -1210?
-1220
In base 14, what is -70 + 1?
-6d
In base 6, what is -4 - -20?
12
In base 13, what is 2 + -a8?
-a6
In base 13, what is -24 - 69?
-90
In base 3, what is -222 - -11?
-211
In base 4, what is -2022 - -203?
-1213
In base 11, what is -5 - -109?
104
In base 15, what is 1c - -9b?
b8
In base 4, what is 312220 - -3?
312223
In base 5, what is -421 - -331?
-40
In base 9, what is 1 - 60?
-58
In base 11, what is -3 + 943?
940
In base 8, what is 5254 + 5?
5261
In base 3, what is -11 + 20201?
20120
In base 9, what is 3 + -102?
-88
In base 13, what is 16b - 2?
169
In base 9, what is 5 + 6030?
6035
In base 7, what is 1403 - 0?
1403
In base 5, what is -2144111 - -10?
-2144101
In base 3, what is 2 - 101102?
-101100
In base 4, what is -220301 - -1?
-220300
In base 7, what is -45 + 1?
-44
In base 4, what is -301 + -320?
-1221
In base 8, what is -10516 - 0?
-10516
In base 13, what is b - 3a?
-2c
In base 16, what is 8890 - 2?
888e
In base 12, what is -5 - -9?
4
In base 6, what is 241 + 1?
242
In base 3, what is 202 + -111111?
-110202
In base 16, what is -5 - -44?
3f
In base 15, what is -a1 + -9?
-aa
In base 4, what is -22 - -22?
0
In base 2, what is 10101101100100011 - 101?
10101101100011110
In base 9, what is 248 + 171?
430
In base 12, what is -99 + 39?
-60
In base 11, what is -1454 + 1?
-1453
In base 7, what is -664 - -11?
-653
In base 4, what is 2332 - 3?
2323
In base 10, what is 14 + 16?
30
In base 12, what is -103 + -12?
-115
In base 5, what is -120212 - 4?
-120221
In base 15, what is -3b - -5?
-36
In base 16, what is 5 + -de?
-d9
In base 10, what is -247 + -16?
-263
In base 12, what is 303 - 2?
301
In base 5, what is -20344 - -31?
-20313
In base 8, what is -340 + 5?
-333
In base 5, what is -1 + 302?
301
In base 3, what is -10020020 + -1?
-10020021
In base 8, what is 0 + -552?
-552
In base 12, what is 5 - 468?
-463
In base 12, what is -15 - 181?
-196
In base 7, what is -2102 + -1?
-2103
In base 12, what is -2 - 22?
-24
In base 6, what is -1 - 20311?
-20312
In base 2, what is -100101 + 1?
-100100
In base 4, what is -102 + 1302?
1200
In base 11, what is 5 + 109?
113
In base 14, what is 3 + -54d?
-54a
In base 15, what is 1b + -c?
e
In base 15, what is -57 + 1?
-56
In base 12, what is 614 - 9?
607
In base 11, what is 79 - 0?
79
In base 14, what is -3 + -2415?
-2418
In base 13, what is 9 + a?
16
In base 4, what is -11 - -112220?
112203
In base 16, what is c + c?
18
In base 9, what is 110 - -11?
121
In base 5, what is -3 + 121?
113
In base 5, what is 2 + 3022?
3024
In base 14, what is 11c + -5?
117
In base 4, what is -1031233 - 2?
-1031301
In base 9, what is -117 + -123?
-241
In base 6, what is 1214 + 42?
1300
In base 12, what is 3 + -150?
-149
In base 7, what is -31 - 403?
-434
In base 10, what is -53 - 5?
-58
In base 15, what is -5 - -1d?
18
In base 10, what is -1317 + 11?
-1306
In base 4, what is 11 + -1121?
-1110
In base 10, what is 4 - -524?
528
In base 8, what is 4 - -1314?
1320
In base 8, what is -5 + 1224?
1217
In base 9, what is -673 + 2?
-671
In base 11, what is -24 + 47?
23
In base 11, what is -5 + -a0?
-a5
In base 4, what is 11003 + -11?
10332
In base 2, what is -100000 - -1001001?
101001
In base 7, what is -26015 + -3?
-26021
In base 11, what is -25 + 48?
23
In base 12, what is 0 - -7a7?
7a7
In base 16, what is 28 + -4c?
-24
In base 2, what is -10 + -111111110?
-1000000000
In base 5, what is 132 - 142?
-10
In base 2, what is 11 - -10100?
10111
In base 12, what is -a + -22?
-30
In base 12, what is 25 + 22?
47
In base 13, what is -3 - 111?
-114
In base 14, what is 431 + c?
43d
In base 9, what is 3 + -322?
-318
In base 6, what is 401 + 0?
401
In base 3, what is 2122020 + -1?
2122012
In base 14, what is 59 - 2?
57
In base 10, what is 793 - -9?
802
In base 11, what is -4 - 2387?
-2390
In base 10, what is -14 - -22?
8
In base 11, what is 42 + -68?
-26
In base 15, what is -3 - -13e?
13b
In base 4, what is -1102213 + -3?
-1102222
In base 14, what is 188 - -11?
199
In base 14, what is -53 - -7?
-4a
In base 14, what is 3 + -a57?
-a54
In base 4, what is -133 + -1?
-200
In base 3, what is -12 - -11?
-1
In base 9, what is -3 - -21?
17
In base 9, what is 2 + -3?
-1
In base 6, what is -131 - -3?
-124
In base 6, what is -1245 - -1?
-1244
In base 14, what is -145 - -3?
-142
In base 3, what is 10 - 2001?
-1221
In base 13, what is 80 + -53?
2a
In base 9, what is 28 - 22?
6
In base 14, what is 8 + -ab?
-a3
In base 8, what is -3304 + -13?
-3317
In base 16, what is -5 - -320?
31b
In base 11, what is -111 + 57?
-65
In base 7, what is -4 + 253?
246
In base 8, what is 12 - -32?
44
In base 16, what is -2d62 - 2?
-2d64
In base 13, what is 1 - c?
-b
In base 10, what is 11 - 62?
-51
In base 5, what is -20 - 44002?
-44022
In base 2, what is 1001 + -11011111111?
-11011110110
In base 12, what is -81 + 7?
-76
In base 4, what is 13 + 1211?
1230
In base 15, what is -3 + -71?
-74
In base 16, what is 6c + -16?
56
In base 11, what is a - -2?
11
In base 10, what is 6 - 183?
-177
In base 15, what is 5b - -24?
80
In base 6, what is -1 + 45?
44
In base 10, what is 501 - 5?
496
In base 7, what is -14 - 3?
-20
In base 7, what is 22 - -13?
35
In base 9, what is -32 + -14?
-46
In base 13, what is a - -1?
b
In base 13, what is -9 + -7?
-13
In base 15, what is 12 + -2?
10
In base 12, what is 127 - 4?
123
In base 11, what is -2 - 70?
-72
In bas